Is 37847 composite?
False
Is 1373221 a composite number?
True
Is 20437 composite?
True
Is 831815 a composite number?
True
Is 2431711 a prime number?
True
Is 326993 a prime number?
True
Is 3401 a prime number?
False
Is 1388323 a composite number?
False
Is 13121 a prime number?
True
Is 535849 a composite number?
False
Is 497137 composite?
False
Is 24841 a prime number?
True
Is 722642 a composite number?
True
Is 84787 prime?
True
Is 38015 composite?
True
Is 35494 prime?
False
Is 20059 prime?
False
Is 23687 prime?
True
Is 1545605 a prime number?
False
Is 15595 composite?
True
Is 391487 a composite number?
False
Is 12869 a prime number?
False
Is 25937 a prime number?
False
Is 1477 composite?
True
Is 464521 composite?
False
Is 1597439 prime?
False
Is 219281 a composite number?
False
Is 5429 prime?
False
Is 15013 a prime number?
True
Is 1277 a prime number?
True
Is 6079 a composite number?
False
Is 230647 a prime number?
True
Is 4783 composite?
False
Is 5482 a composite number?
True
Is 182839 a composite number?
False
Is 2927 a prime number?
True
Is 18129 composite?
True
Is 34051 a prime number?
False
Is 6127 prime?
False
Is 861007 a composite number?
True
Is 2383 composite?
False
Is 390263 prime?
True
Is 1501 composite?
True
Is 8657 composite?
True
Is 35957 prime?
False
Is 3427 a prime number?
False
Is 2321 composite?
True
Is 1531549 a composite number?
False
Is 1060271 composite?
False
Is 59701 prime?
False
Is 1594027 a composite number?
False
Is 195445 prime?
False
Is 2743 prime?
False
Is 62767 prime?
False
Is 29789 composite?
False
Is 145133 a composite number?
False
Is 5071 a composite number?
True
Is 13835 a prime number?
False
Is 5482 a prime number?
False
Is 7159 a prime number?
True
Is 100003 a composite number?
False
Is 989851 composite?
True
Is 736301 composite?
True
Is 30449 composite?
False
Is 3163 a composite number?
False
Is 116149 composite?
True
Is 19231 prime?
True
Is 210787 prime?
False
Is 9083 a prime number?
False
Is 2963 prime?
True
Is 223 prime?
True
Is 496115 a prime number?
False
Is 34777 a composite number?
True
Is 12813 prime?
False
Is 474463 composite?
True
Is 2561 a prime number?
False
Is 196583 prime?
True
Is 29119 a composite number?
True
Is 6739 a composite number?
True
Is 63887 a composite number?
True
Is 51703 a composite number?
True
Is 23601 a prime number?
False
Is 1768001 a prime number?
True
Is 3457 a prime number?
True
Is 871 composite?
True
Is 3527 prime?
True
Is 750107 a prime number?
False
Is 5981 a prime number?
True
Is 123001 a composite number?
False
Is 352787 prime?
False
Is 1260283 a prime number?
True
Is 28563 a prime number?
False
Is 11659 a composite number?
True
Is 29599 composite?
False
Is 136691 a prime number?
True
Is 81007 a prime number?
False
Is 7559 a prime number?
True
Is 62981 prime?
True
Is 23513 a composite number?
True
Is 317501 a composite number?
True
Is 80705 a prime number?
False
Is 29473 a prime number?
True
Is 184649 composite?
False
Is 131129 a prime number?
True
Is 36889 a composite number?
True
Is 44683 composite?
False
Is 95182 composite?
True
Is 6157 a composite number?
True
Is 46783 a composite number?
True
Is 499 composite?
False
Is 183895 a prime number?
False
Is 2203 composite?
False
Is 35417 a composite number?
True
Is 4699 prime?
False
Is 3491 a composite number?
False
Is 48086 a composite number?
True
Is 83537 composite?
False
Is 75079 composite?
False
Is 72391 composite?
True
Is 53114 prime?
False
Is 198761 a prime number?
True
Is 4621 prime?
True
Is 687151 prime?
True
Is 21059 a composite number?
False
Is 53479 a composite number?
False
Is 25057 composite?
False
Is 56251 composite?
True
Is 5623 a composite number?
False
Is 50839 composite?
False
Is 173533 a composite number?
True
Is 4406 prime?
False
Is 264507 composite?
True
Is 10243 a prime number?
True
Is 4897355 composite?
True
Is 167381 prime?
True
Is 505811 prime?
True
Is 8951 composite?
False
Is 10289 a prime number?
True
Is 149 a prime number?
True
Is 983489 a prime number?
False
Is 509417 a composite number?
False
Is 1973387 a prime number?
False
Is 9133 a composite number?
False
Is 1218901 composite?
False
Is 2158687 a composite number?
True
Is 85 prime?
False
Is 5437 prime?
True
Is 9527 a composite number?
True
Is 1651 a composite number?
True
Is 361721 prime?
False
Is 12677 a prime number?
False
Is 156059 a composite number?
False
Is 549529 composite?
True
Is 120457 composite?
True
Is 5039 prime?
True
Is 503618 prime?
False
Is 22121 a composite number?
True
Is 1046627 prime?
True
Is 1903 composite?
True
Is 30815 a prime number?
False
Is 6113 a composite number?
False
Is 64451 prime?
True
Is 6739 prime?
False
Is 631 prime?
True
Is 1126343 a composite number?
False
Is 267359 composite?
True
Is 1637 prime?
True
Is 66221 a prime number?
True
Is 12373 prime?
True
Is 39547 a composite number?
True
Is 564253 a prime number?
False
Is 156671 composite?
False
Is 9659 a prime number?
False
Is 100769 a composite number?
False
Is 19091 composite?
True
Is 12247 prime?
False
Is 5737 a composite number?
False
Is 6245 a composite number?
True
Is 47605 composite?
True
Is 500519 a prime number?
True
Is 92333 a prime number?
True
Is 172849 prime?
True
Is 113 composite?
False
Is 2249 prime?
False
Is 59201 prime?
False
Is 77681 composite?
False
Is 29527 a composite number?
False
Is 330149 a composite number?
False
Is 90607 composite?
True
Is 61813 a composite number?
False
Is 25301 composite?
False
Is 1401523 prime?
False
Is 606233 prime?
False
Is 264443 a composite number?
False
Is 205 a prime number?
False
Is 26687 composite?
False
Is 108587 composite?
False
Is 34495 prime?
False
Is 9935 a composite number?
True
Is 31769 a composite number?
False
Is 86467 prime?
True
Is 18671 a prime number?
True
Is 144539 a prime number?
True
Is 4861 prime?
True
Is 222247 a prime number?
True
Is 1909087 a composite number?
False
Is 3077 a composite number?
True
Is 75805 composite?
True
Is 633665 prime?
False
Is 10033 prime?
False
Is 260769 a composite number?
True
Is 1705799 a composite number?
False
Is 3181 a composite number?
False
Is 227789 prime?
True
Is 788503 composite?
True
Is 42031 composite?
True
Is 3641 prime?
False
Is 67681 a composite number?
True
Is 333979 a composite number?
True
Is 119099 composite?
False
Is 339049 composite?
False
Is 90901 a prime number?
True
Is 2099 composite?
False
Is 44153 a composite number?
True
Is 814685 composite?
True
Is 38191 composite?
True
Is 131419 composite?
True
Is 2095 a composite number?
True
Is 18167 a prime number?
False
Is 13771 a composite number?
True
Is 1582109 prime?
True
Is 12131 a composite number?
True
Is 38431 composite?
False
Is 23531 composite?
False
Is 51749 prime?
True
Is 18803 prime?
True
Is 38261 prime?
True
Is 28213 a composite number?
True
Is 958 composite?
True
Is 797353 composite?
False
Is 6937 a composite number?
True
Is 238613 prime?
False
Is 92767 a prime number?
True
Is 160963 a composite number?
True
Is 51563 composite?
False
Is 36667 composite?
True
Is 781853 a prime number?
True
Is 110077 prime?
False
Is 18617 composite?
False
Is 85373 prime?
False
Is 589681 prime?
True
Is 3251 a prime number?
True
Is 4493 a composite number?
False
Is 42626 prime?
False
Is 12469 prime?
False
Is 5297 a prime number?
True
Is 193637 a composite number?
True
Is 2117909 prime?
False
Is 55191 prime?
False
Is 62617 a prime number?
True
Is 40973 a composite number?
False
Is 51893 a composite number?
False
Is 409729 prime?
True
Is 1673755 a composite number?
True
Is 83879 a prime number?
False
Is 1055 a composite number?
True
Is 13751 composite?
False
Is 131359 prime?
False
Is 33547 composite?
False
Is 99662 a composite number?
True
Is 16249 a composite number?
False
Is 3935 a prime number?
False
Is 824861 a composite number?
False
Is 193261 a composite number?
False
Is 847823 prime?
False
Is 16619 composite?
False
Is 144777 a prime number?
False
Is 59051 prime?
True
Is 114459 a composite number?
True
Is 263837 prime?
False
Is 288191 composite?
False
Is 19181 prime?
True
Is 369023 composite?
False
Is 4591 a prime number?
True
Is 11149 a composite number?
False
Is 39499 composite?
False
Is 470845 a composite number?
True
Is 29199 composite?
True
Is 55973 composite?
True
Is 37831 a compo